is the units digit of h?
4
Let x = -276 + 150. What is the tens digit of (210/x)/(5/(-1011))?
3
Let s(w) = -w**3 - 8*w**2 + 22. Let f be s(-8). Let q be 16996/63 - 2/(-9). Suppose 2*p + 5*t + f = q, -2*t - 4 = 0. What is the tens digit of p?
2
Suppose -5*t + 2571 = -4*j - 0*j, -2*j + 503 = t. Suppose 7*y - 4424 + t = 0. What is the units digit of y?
9
Let m = 427 - 195. Suppose 60 = 4*a - m. What is the tens digit of a?
7
Let w(u) = 494*u - 3139. What is the hundreds digit of w(10)?
8
Suppose -471*i - 315 = -492*i. Let q(t) be the third derivative of -t**5/60 + t**4 - 23*t**3/6 + t**2. What is the units digit of q(i)?
2
Let m(p) = 269*p**2 + 4*p + 3. Let f be m(-1). Suppose -8*a = -1466 - 1286. Suppose 3*v - f = a. What is the tens digit of v?
0
Suppose 660 = -4*s + 184. Let r = s + 256. Let b = 203 - r. What is the units digit of b?
6
Let u(r) = -198*r - 5. Let x be u(-4). Suppose 2*p - 5*b - 401 = 0, -4*p + 4*b + x = -b. Let l = -50 + p. What is the tens digit of l?
4
Let c be ((-91)/4)/1 - (-146)/(-584). What is the units digit of (-5571)/(-5) - c/(1150/40)?
5
Let o(r) = r**2 - 8*r + 11. Let s be o(5). Let v be (-368)/(-12)*(-66)/s. Let t = v - 334. What is the hundreds digit of t?
1
Suppose 5*f - 3292 = -2*p, -f - 3500 - 1404 = -3*p. What is the hundreds digit of 2 + 2/(8/p) + 4?
4
Suppose 0*j + 4*j = -5*u - 15, -2*j - 45 = -5*u. Let i(b) be the second derivative of -2*b**3/3 + 9*b**2 + b. What is the tens digit of i(j)?
5
Let n be ((-12)/15 - -2)*(-5)/(-2). Suppose n*w = -5*p - 409, -2*p - 272 = 2*w + p. What is the units digit of (-2 - w) + (8 - 6)?
3
Let w = -101 + 68. Let z = -1340 + 1329. What is the hundreds digit of ((w/9)/z)/((-1)/(-525))?
1
Let r(d) = 1010*d**3 - d**2 - 59*d + 175. What is the units digit of r(3)?
9
Let n be -1 + (0 - -1)*17. Let w be ((-6)/(-4))/((-12)/n). Let f(k) = -19*k**3 + 2*k**2 - 2*k - 1. What is the tens digit of f(w)?
6
Let c = 28244 - 10867. Suppose -18463 = 5*x + c. What is the units digit of (x/(-49))/8 + (-4)/14?
8
What is the ten thousands digit of 3*1/(-7) - 286348640/(-13664)?
2
Let o = -326 - -224. What is the units digit of ((-3)/(-2))/(o/799)*-84?
7
What is the thousands digit of (-1125846)/(-50) + ((-6)/(-700) - 21/(-294))?
2
Let a be (5 - 3)*(-1 + (2 - -1)). Suppose a*x + 0*x = 584. What is the tens digit of x?
4
Let q = -5 + 7. Let k be 2*(3 - -1)*q/(-4). What is the tens digit of (-2)/k*590/5?
5
Let q = 38337 + -26618. What is the ten thousands digit of q?
1
Let v = 18 - -6. Let t = -20 + v. Suppose 0 = 10*z - t*z - 198. What is the units digit of z?
3
Let c = -78 + 75. Let t be c/9 + 0 - (-10)/3. Suppose -2*z + z + t = 4*n, -4*z - 2*n = -12. What is the units digit of z?
3
Suppose 3*h = 5*r - 740, -2*r + 0*h + 296 = 2*h. Let m = 455 - r. What is the hundreds digit of m?
3
Suppose -54*l + 5*l - 18*l = -1706758. What is the units digit of l?
4
Let r(c) = -c**2 - 2*c + 12. Let q be r(6). Let w = 99 + q. What is the units digit of w?
3
Let g = -46 - -493. Let m = -198 + g. What is the units digit of m?
9
What is the tens digit of (-116428)/(-208)*(13 + 15)?
7
Suppose -9*t + 3911 + 11323 = -210. What is the hundreds digit of t?
7
Let g = -343 - -345. Suppose -a + 3*l + 642 = g*l, -1278 = -2*a - l. What is the units digit of a?
0
What is the units digit of 6/12*4/(-1) + 47 + 2849?
4
Suppose -q + 5*t + 17 = -2*q, 19 = 5*q - t. Suppose q*u - 26 = -5*j + 282, -4*j - 2*u = -248. Let r = 23 + j. What is the tens digit of r?
8
Let u(s) = 9*s + 1598. What is the thousands digit of u(52)?
2
Let t = -10327 - -26785. What is the units digit of t?
8
Suppose -5*q = -b + 44, 0*q - 5*q = -4*b + 116. Let o = b + 16. Let f = o - 38. What is the units digit of f?
2
Suppose 5*g - 7 = 73. Suppose -4*q = g, 0 = 2*x + 2*q - 51 - 53. What is the units digit of x?
6
Let p(l) = 2*l**3 + 43*l**2 + 17*l - 82. Let c be p(-21). Suppose 26*q - 807 = -2*j + 21*q, c*j + 4*q - 812 = 0. What is the hundreds digit of j?
4
Suppose 5*q = 5*d, d - 6*q + 3*q + 8 = 0. Let l = 403 - 174. Suppose d*s = -37 + l. What is the units digit of s?
8
Let s(k) = -6*k**2 - 7*k - 47. Let x(y) = 5*y**2 + 6*y + 46. Let j(q) = 6*s(q) + 7*x(q). Let b be j(6). What is the hundreds digit of b*(-2)/2*(-52 + 3)?
1
Let p(w) = -5624*w - 4740. What is the hundreds digit of p(-14)?
9
Let a be ((-3)/(-9))/(3/36). Suppose -2*j - a*s = -84, 5*j + 5*s - 11 = 174. Let n = j + 10. What is the tens digit of n?
4
Let p = -89 - -95. Suppose 0 = 4*x - 3*b - 3, 2*x = p*x + 2*b + 2. Suppose x = -18*t + 12*t + 570. What is the units digit of t?
5
Let x = 11 + -2. Let b(n) = n**3 - 8*n**2 - 9*n + 6. Let l be b(x). Suppose l*p = 242 - 56. What is the units digit of p?
1
Let g(h) = 22*h - 171. Let t be g(8). Let v(y) = 15*y**2 - 3*y + 15. What is the tens digit of v(t)?
7
Let j be ((-1377)/(-12) - -3)*16/12. Let q = 827 - j. What is the tens digit of q?
7
Suppose 0*i - 3961 = -i + 1758. What is the hundreds digit of i?
7
Let x(m) = 21*m + 1. Let k(t) = -42*t - 2. Let l(u) = -u**2 - 6*u - 7. Let d be l(-5). Let v(g) = d*k(g) - 5*x(g). What is the units digit of v(-3)?
2
Suppose -8*h = 11*h - 14*h. Suppose l + 1 = h, -2*w - 170 = -4*l - 882. What is the tens digit of w?
5
Let r(h) = 3668*h**2 + 69*h - 29. What is the tens digit of r(4)?
3
Suppose 227*x - 1631083 + 475466 = 2607816. What is the tens digit of x?
7
Let k = -221 + 227. What is the hundreds digit of (2 + k - 4) + 483/3?
1
Let q = -7070 - -14325. What is the hundreds digit of q?
2
Let l be 8/(-16) - 1/(-2) - 8. Let d be ((24/(-9))/l)/((-2)/6). What is the tens digit of (1121/38)/(d/(-2))?
5
Suppose 5*s - 5910 = -3*d, -3*d - 85 = -5*s - 6025. What is the units digit of d?
5
Let j be -2*(-4)/8*1. Suppose -2*y + j - 625 = 0. What is the units digit of y*(2 + (-28)/12)?
4
Suppose -17*s - 39 = -20*s. Suppose s*p = 12*p + 3. Let u(q) = 5*q**3 + 3*q**2 - 5*q + 4. What is the tens digit of u(p)?
5
What is the ten thousands digit of ((-15)/(-10))/(-3)*(-123356 + -46)?
6
Suppose 408*d = 401*d + 6083. What is the tens digit of 2/6 + (-52)/12 + d?
6
Let h(o) = 72893*o**2 - 966*o + 1. What is the tens digit of h(-1)?
6
Let q(c) = -3*c + 32. Let z be q(0). Let y = z - 32. Suppose y = r + 7*r - 48. What is the units digit of r?
6
Let s be (0 - -1) + 6 + 3 - -3. Suppose -9 = -16*w + s*w. What is the hundreds digit of -192*((-5)/w + 1)?
1
Suppose 12*t - 39*t - 10395 = 0. Let n = t + 593. What is the tens digit of n?
0
Let m(r) = r**3 + 6*r**2 + r. Let d = -47 - -42. Let f be m(d). Let a = f - 2. What is the units digit of a?
8
Let x(b) = 2*b**2 - 4*b - 8. Let d be x(4). Let t(w) = 30*w + 64. What is the hundreds digit of t(d)?
3
Suppose 22*i - 20*i = 4. Suppose 32 + 2 = 3*h - 4*u, -h + 14 = -i*u. What is the hundreds digit of 124 + ((-12)/h)/((-2)/(-2))?
1
Let s be 8/(32/4707) - 2/(-8). Suppose 0 = -9*t - 79 + s. What is the units digit of t?
2
Suppose -23 = -5*s - 1108. Let x = -76 - s. Let g = x + -113. What is the tens digit of g?
2
Suppose 32*d + 2690 = -19070. Let s = d + 701. What is the tens digit of s?
2
Let y = 870 - -1990. What is the tens digit of y?
6
Suppose -143*m + 262*m + 186745 = 136*m. What is the units digit of m?
5
Suppose -3*g + 702 = 3*v - 34263, -4*v = -4. What is the ten thousands digit of g?
1
Let r(y) = y**2 - 4*y - 2. Let k be r(7). Suppose 18*f - k*f + 5740 = 0. What is the tens digit of (-4)/10*f/(-14)?
6
Suppose 5*p + 12 = 2*p. Let v be ((-1)/p - (-1393)/(-84))*-42. Suppose -v = 10*z - 17*z. What is the tens digit of z?
9
What is the hundreds digit of 617/(-1)*1/(-1)*5?
0
Suppose -12*c + 13*c = 253. Let x(r) = -20*r**2 + 5*r - 3. Let w be x(3). Let k = w + c. What is the units digit of k?
5
Suppose 4*z - 17 = 15. Let t(i) = -93*i - 400. Let l be t(-22). Suppose -l = -z*u - 62. What is the tens digit of u?
9
Let z be (1 + -899)*-5*1/10. Suppose -47*w + 42*w + z = 2*n, 4*w + 192 = n. What is the units digit of n?
2
Let a be (1 + 52/4)*(-2)/(-2). Let r = a + -12. Suppose -r*m + 31 = -1. What is the tens digit of m?
1
Let o(y) = -31*y - 4. Let z be o(1). Let h = 39 + z. Suppose -5*x + 79 = -h*x. What is the tens digit of x?
7
Let o be 0 - (3 - 1192*(-2)/(-4)). What is the hundreds digit of o + 2 + 30/(-10)?
5
Suppose 24 = 14*z - 6*z. Suppose 1456 = z*j + 2*q, -j + 4*q + 0*q + 476 = 0. Let b = j + -264